of 43945012?
2, 2539, 4327
What are the prime factors of 315758992?
2, 19734937
What are the prime factors of 15662468?
2, 47, 83311
What are the prime factors of 106405216?
2, 197, 16879
What are the prime factors of 23700153?
3, 211, 37441
What are the prime factors of 194541042?
2, 3, 37, 876311
List the prime factors of 25821146.
2, 13, 993121
What are the prime factors of 26596800?
2, 3, 5, 1847
List the prime factors of 224021230.
2, 5, 29, 59, 13093
What are the prime factors of 85297582?
2, 42648791
What are the prime factors of 3483882361?
97, 35916313
What are the prime factors of 176787734?
2, 6299, 14033
List the prime factors of 63604203.
3, 13, 349, 4673
What are the prime factors of 89957329?
7, 11, 106207
What are the prime factors of 4157168212?
2, 23, 29, 83, 18773
What are the prime factors of 41850490?
2, 5, 11, 380459
What are the prime factors of 3448248?
2, 3, 143677
List the prime factors of 172983825.
3, 5, 7, 109831
What are the prime factors of 156181360?
2, 5, 1952267
What are the prime factors of 201578870?
2, 5, 131, 153877
List the prime factors of 30843317.
787, 39191
List the prime factors of 501482666.
2, 250741333
List the prime factors of 73470480.
2, 3, 5, 107, 2861
What are the prime factors of 858660428?
2, 214665107
List the prime factors of 67724212.
2, 31, 59, 9257
List the prime factors of 1729824026.
2, 7, 5503, 22453
What are the prime factors of 808938261?
3, 157, 572497
What are the prime factors of 206167322?
2, 29, 331, 10739
List the prime factors of 2716089481.
7, 23, 157, 107453
List the prime factors of 282970300.
2, 5, 2829703
What are the prime factors of 589530919?
589530919
What are the prime factors of 41058912?
2, 3, 211, 2027
What are the prime factors of 80872751?
311, 443, 587
List the prime factors of 226999494.
2, 3, 43, 313, 937
What are the prime factors of 5653574502?
2, 3, 17, 55427201
What are the prime factors of 660941064?
2, 3, 7, 23, 37, 67
List the prime factors of 1289230732.
2, 41, 881, 8923
What are the prime factors of 25729678?
2, 13, 61, 16223
List the prime factors of 73159762.
2, 13, 263, 823
What are the prime factors of 42191018?
2, 59, 357551
What are the prime factors of 82045330?
2, 5, 101, 81233
List the prime factors of 223576648.
2, 19, 379, 3881
List the prime factors of 436167605.
5, 87233521
List the prime factors of 167969.
23, 67, 109
List the prime factors of 70269705.
3, 5, 11, 141959
List the prime factors of 294885381.
3, 7, 181, 11083
List the prime factors of 8121180.
2, 3, 5, 135353
What are the prime factors of 232355617?
13, 19, 43, 131, 167
List the prime factors of 228906369.
3, 25434041
What are the prime factors of 126797247?
3, 107, 353, 373
What are the prime factors of 32126124?
2, 3, 17, 23, 41, 167
What are the prime factors of 568196095?
5, 127, 853, 1049
List the prime factors of 1272979023.
3, 17, 1483, 16831
List the prime factors of 3772156585.
5, 29, 101, 307, 839
List the prime factors of 81085903.
17, 4769759
List the prime factors of 23044281.
3, 13, 179, 3301
List the prime factors of 257263.
257263
What are the prime factors of 962994789?
3, 53, 241, 8377
What are the prime factors of 111915122?
2, 11, 5087051
What are the prime factors of 26109655?
5, 11, 13, 53
What are the prime factors of 27032448?
2, 3, 17, 41, 101
List the prime factors of 10530280.
2, 5, 263257
What are the prime factors of 2087859359?
41, 50923399
List the prime factors of 54459498.
2, 3, 31, 292793
List the prime factors of 127997267.
17, 617, 12203
What are the prime factors of 123030173?
7, 17, 1033867
List the prime factors of 346030515.
3, 5, 23, 111443
What are the prime factors of 2688203399?
7, 47, 8170831
What are the prime factors of 23453748?
2, 3, 43, 109, 139
What are the prime factors of 2557396159?
2557396159
What are the prime factors of 309824291?
7, 5791, 7643
What are the prime factors of 12684033?
3, 156593
List the prime factors of 417629419.
193, 2163883
What are the prime factors of 539527478?
2, 7, 38537677
List the prime factors of 819292131.
3, 7, 23, 188473
List the prime factors of 597562272.
2, 3, 76847
What are the prime factors of 1302963776?
2, 17, 1197577
What are the prime factors of 209936068?
2, 263, 199559
List the prime factors of 8237384.
2, 17, 37, 1637
List the prime factors of 47483535.
3, 5, 11, 41, 7019
What are the prime factors of 118124069?
7, 179, 94273
What are the prime factors of 99303757?
7, 31, 457621
List the prime factors of 2153038011.
3, 83, 659, 13121
List the prime factors of 211566687.
3, 29, 1433, 1697
What are the prime factors of 2619733266?
2, 3, 16171193
What are the prime factors of 317825520?
2, 3, 5, 821, 1613
List the prime factors of 1305324216.
2, 3, 7, 41, 181, 349
What are the prime factors of 336854828?
2, 47, 67, 569
List the prime factors of 19254432.
2, 3, 167, 1201
What are the prime factors of 1153872095?
5, 89, 491, 5281
What are the prime factors of 706976165?
5, 7, 73, 5647
List the prime factors of 1731488871.
3, 7, 59, 109, 12821
What are the prime factors of 2824492212?
2, 3, 31, 2530907
List the prime factors of 309310068.
2, 3, 41, 628679
What are the prime factors of 788658632?
2, 98582329
List the prime factors of 40397683.
23, 43, 40847
List the prime factors of 36651813.
3, 11, 17, 79, 827
List the prime factors of 1644113996.
2, 7, 17, 3454021
List the prime factors of 11395296.
2, 3, 11, 109
What are the prime factors of 1674853587?
3, 11, 2549, 6637
What are the prime factors of 43952970?
2, 3, 5, 809, 1811
List the prime factors of 59670806.
2, 13, 29, 79139
What are the prime factors of 48462686?
2, 193, 125551
List the prime factors of 213069739.
12211, 17449
What are the prime factors of 306875111?
1373, 223507
List the prime factors of 134083896.
2, 3, 17, 328637
List the prime factors of 5765105239.
18679, 308641
What are the prime factors of 292164681?
3, 97388227
List the prime factors of 500209908.
2, 3, 11, 47, 80627
List the prime factors of 372455824.
2, 13, 31, 47, 1229
List the prime factors of 883687955.
5, 241, 733351
List the prime factors of 12978796.
2, 41, 79139
What are the prime factors of 32438820?
2, 3, 5, 29, 103, 181
What are the prime factors of 4078275881?
19, 113, 1899523
What are the prime factors of 68386947?
3, 19, 199, 6029
List the prime factors of 975546265.
5, 23, 8483011
List the prime factors of 108118404.
2, 3, 1733
What are the prime factors of 660068841?
3, 220022947
List the prime factors of 35566158.
2, 3, 107, 55399
What are the prime factors of 1406509823?
23, 37, 1652773
List the prime factors of 25145634.
2, 3, 991, 4229
What are the prime factors of 1550682792?
2, 3, 2393029
List the prime factors of 1517301555.
3, 5, 7, 11, 41, 179
What are the prime factors of 386608716?
2, 3, 13, 826087
List the prime factors of 771172395.
3, 5, 7, 1291, 5689
List the prime factors of 539303848.
2, 67412981
What are the prime factors of 1247886270?
2, 3, 5, 857, 5393
List the prime factors of 69264819.
3, 13, 31, 113
List the prime factors of 864602680.
2, 5, 37, 523, 1117
List the prime factors of 1281163509.
3, 142351501
List the prime factors of 645400068.
2, 3, 1787, 30097
What are the prime factors of 2965753210?
2, 5, 7, 42367903
What are the prime factors of 329737789?
1487, 221747
List the prime factors of 191276888.
2, 11, 2173601
What are the prime factors of 406853717?
449, 906133
What are the prime factors of 72588203?
72588203
What are the prime factors of 125649705?
3, 5, 8376647
What are the prime factors of 1692263600?
2, 5, 4230659
What are the prime factors of 226477263?
3, 75492421
What are the prime factors of 99508570?
2, 5, 7, 29, 49019
What are the prime factors of 1992530556?
2, 3, 18449357
List the prime factors of 61767343.
11, 5615213
List the prime factors of 121664847.
3, 19, 2134471
What are the prime factors of 69438634?
2, 59, 588463
What are the prime factors of 1777543701?
3, 67, 8843501
List the prime factors of 155844434.
2, 29, 2686973
What are the prime factors of 672222177?
3, 11, 17, 131, 3049
What are the prime factors of 2877341904?
2, 3, 43, 464687
List the prime factors of 336099814.
2, 1031, 162997
What are the prime factors of 168703670?
2, 5, 1613, 10459
List the prime f